actor of l and i.
6
Let z be (-12)/(20/(-5)) + 69. Let x = -3 + 12. What is the greatest common divisor of x and z?
9
Let r be (-1)/1 + 3 + 1. Suppose 69 - 465 = -r*o - 4*i, -o - 2*i + 134 = 0. Calculate the greatest common divisor of 16 and o.
16
Let x = 20 - 32. Let r be (1 - 148/x)*3. What is the highest common divisor of 10 and r?
10
Suppose -5*h + 122 = 47. Let p be (-2)/(-8) + (-26)/8. Let t = h + p. Calculate the greatest common divisor of t and 3.
3
Let d(l) = l**2 + l + 1. Let y be d(0). Let m be (0 - -10*5)*y. Let u = 9 + 11. Calculate the highest common factor of u and m.
10
Suppose -2*c - 2 = 2. Let u be (143/(-22))/(1/c). What is the highest common divisor of 104 and u?
13
Let l(g) = -g**3 + 11*g**2 - 2*g - 10. Let h be l(11). Let p = h - -19. Let u = 18 + p. Calculate the greatest common factor of u and 45.
5
Let b(r) = -11*r - 23. Let x be b(-7). Calculate the greatest common factor of x and 36.
18
Let f(d) = d**2 + 9*d + 18. Let z be f(-8). What is the greatest common divisor of 10 and z?
10
Let q = 7 - 1. Let c = 15 - 12. Suppose q*u - 378 = c*u. What is the greatest common factor of 14 and u?
14
Let k be 222/18 + (-1)/3. Let h = 8 - k. Let m be 6/h*(-10)/3. What is the greatest common factor of 35 and m?
5
Suppose 0 = -4*t + 3*t + 12. Calculate the greatest common divisor of t and 108.
12
Suppose -c = -6*c - 30. Let l = 16 + c. What is the greatest common factor of 20 and l?
10
Suppose 3*g = 63 + 21. What is the greatest common factor of 112 and g?
28
Let h = 131 + -118. Calculate the greatest common divisor of 104 and h.
13
Suppose -6*k + 45 = -k. Calculate the greatest common factor of k and 90.
9
Let d be 1/((5/(-3))/(-5)). Suppose d*s + 5*j = 21 + 21, 0 = -3*s - j + 30. What is the greatest common divisor of s and 9?
9
Suppose -3*f + 66 = 2*u - 32, 4*u = -3*f + 94. What is the greatest common divisor of 68 and f?
34
Let w be -6 + 2 + 6 - 2*-1. Calculate the greatest common factor of 8 and w.
4
Let p be (-6 - -8) + 38/2 + 0. What is the highest common divisor of p and 7?
7
Let z be -2 + (8 - (-1 - -2)). Suppose -z*y + 3*y + 4 = 0. Suppose 0 = -y*f + 33 - 9. Calculate the highest common divisor of f and 36.
12
Let z = 30 - -80. Let o = -2 + 7. Let t(c) = -c**2 + 10*c - 3. Let i be t(o). What is the greatest common factor of z and i?
22
Let h(k) = -k**3 - 6*k**2 - 4*k + 12. Let g be h(-6). Suppose -50 - 70 = -5*f. What is the greatest common factor of g and f?
12
Let c(b) = 6*b + 45. Let h(w) = w + 9. Let a(o) = -2*c(o) + 11*h(o). Let k = 2 + 4. Let i be a(k). What is the greatest common factor of i and 3?
3
Let x = -71 - -107. Let v be (43 - 13)*(-2)/(-5). What is the greatest common divisor of v and x?
12
Let o be (-9)/(-2) + 2/(-4). Suppose -3*k + 3*l = -12, -k = k - l - 9. Suppose -k*h + 3*u = 2*u - 10, o*u = 20. What is the greatest common divisor of 15 and h?
3
Suppose 0 = -4*a + l + 3 + 18, -l + 21 = 3*a. Let m(g) = -2 + a - g**2 + 1 + 5*g - 17*g. Let q be m(-9). What is the highest common divisor of 8 and q?
8
Suppose -4 = 4*a + 4, -2*o = -3*a - 10. Let w(n) = -n**3 + 7*n**2 - 4*n - 7. Let h be w(6). What is the highest common divisor of h and o?
1
Let b be 0 + 1 + -1 - -96. Let t = 4 + -6. Let d(y) = -6*y. Let l be d(t). What is the highest common factor of b and l?
12
Suppose 0 = -3*x + 2*v + 111, -4*x + v + 41 + 112 = 0. Suppose 4*q - 49 = 3*d, d + 3 - 4 = 0. What is the highest common divisor of x and q?
13
Let l = -20 + 40. Let i(r) = -2*r - 1. Let b be i(-1). Suppose -14 - b = -3*o. What is the greatest common divisor of l and o?
5
Suppose 5 = 5*x, -3*x - 33 = -5*a + 2*a. Let n(h) = 4*h**2 + h**2 + h**2 - 7*h + h**3 - 5 - h**2. Let w be n(-5). What is the greatest common factor of a and w?
6
Let p = 5 + -5. Suppose p = -4*g - z + 83, 2*g - 40 = -z - z. Calculate the greatest common factor of 7 and g.
7
Suppose 6*f - f = 15. Suppose -3*s + 0*s + 5*k + 29 = 0, -3*k = f*s + 3. Suppose s*l - 5*l = -10. Calculate the highest common divisor of 15 and l.
5
Let u be 40/3*12/10. Let x = -101 - -142. Let v be -1 - (1 + -2*x). What is the greatest common divisor of u and v?
16
Suppose -d - 4*w + 26 = 4*d, -5 = 5*w. Calculate the highest common divisor of d and 42.
6
Let j = -8 + 9. Let y be (-2)/(-4)*(-1 - j). Let p be 1*y - (2 + -21). What is the highest common factor of p and 27?
9
Let d = 8 - 3. Let s(w) = -w + 8. Let t be s(5). Suppose 65 - 339 = -5*q - y, -168 = -3*q + t*y. Calculate the highest common factor of q and d.
5
Let q(v) = v**3 + 6*v**2 + 2. Let l be q(-6). Let g be 1/(-2)*(-4 - l). What is the highest common divisor of 3 and g?
3
Let j(t) = -t**2 + 2*t. Let l be j(2). Suppose l = 3*m - 14 - 1. What is the greatest common divisor of m and 5?
5
Let j(p) = p**2 + 6*p - 15. Let l be (-4)/10 + (-583)/55. Let i be j(l). Calculate the greatest common factor of i and 5.
5
Suppose -3*w = -w - 18. Suppose -4*g + 133 + 119 = 0. Calculate the highest common divisor of g and w.
9
Let h = -1 + 1. Let u = h + 0. Suppose u*g = -3*g + 21. What is the greatest common divisor of 35 and g?
7
Let v be (-3)/(((-135)/230)/9). What is the highest common divisor of v and 23?
23
Let u = 13 + -9. Suppose -d + 5*m = -5 + 3, u*m = -4*d + 32. What is the greatest common factor of 7 and d?
7
Suppose 0 = 4*n + 3*s - 105, 5*n + 2*s - 160 = 4*s. Calculate the greatest common factor of n and 3.
3
Let v = -2 + 6. Suppose 6 = -3*l + 3*i, 0 = -5*l - v*i + 3*i + 14. Suppose l*j + 19 = 87. What is the highest common divisor of 17 and j?
17
Let k be ((-1)/(-3))/((-3)/(-27)). Suppose 4*v + 84 = 5*v. Suppose o - 76 = 3*w, -2*o - w - v = -k*o. Calculate the highest common divisor of o and 11.
11
Let m be 64 - (2 + -3 + 2). Let r be m - -3 - 1 - -1. What is the highest common factor of 6 and r?
6
Let u(l) = 72*l**3. Let j(t) = -6 - t**3 - 15*t - 9*t**2 + 6*t - 1. Let m be j(-8). Let y be u(m). What is the greatest common factor of 9 and y?
9
Let m(c) = c**3 + 6*c**2 - 2*c - 6. Let b be m(-6). Calculate the highest common factor of b and 9.
3
Suppose -4*s + 175 = -133. Let n = -33 - -72. Let t = n - 28. What is the highest common factor of t and s?
11
Let b(l) = l**2 + l - 12. Let m be b(6). What is the greatest common factor of 10 and m?
10
Suppose 0 = -z + u + 2 - 5, -4*u = 3*z - 19. Let n be -1*(0 + -1 + z). Suppose n = -2*y + 33 + 7. Calculate the greatest common factor of 2 and y.
2
Let l be 1*(-1 + 0)*0. Suppose l = -u + 1. Let g(r) = 3*r**3 - r. Let x be g(1). What is the greatest common divisor of x and u?
1
Let k = -3 + 16. Let d = 30 - k. Let r = 76 + 26. Calculate the highest common factor of d and r.
17
Suppose g - 13 = -0*g. Let o be (3 + 0)*52/3. Calculate the highest common factor of o and g.
13
Suppose k = y - 16 + 140, 5*k + 2*y - 599 = 0. What is the highest common divisor of k and 11?
11
Let s = -93 - -155. Let n = -36 + s. Calculate the highest common factor of 65 and n.
13
Let i = -16 + -5. Let s be (-2)/(-7) + (-1149)/i. Suppose -2*k - 3*k + s = 3*r, 4*k = -r + 37. Calculate the greatest common factor of k and 2.
2
Suppose b - 2*d = -6*d + 6, 5*d - 39 = -3*b. Calculate the highest common divisor of 45 and b.
9
Let n = 3 - 1. Suppose 0*x = -n*x. Suppose j - 3*o + 4 = x, o - 4 = j - 6. What is the greatest common factor of j and 25?
5
Suppose -5 = -z - 3*u, -3*z - u = -0*u - 55. What is the highest common factor of z and 40?
20
Let m be 11/3 + (-1)/(-3). Suppose 13 = -u + 2*p + 45, -4*u = 3*p - 150. Calculate the greatest common divisor of u and m.
4
Let z(p) = -p + p**2 + p**2 + 14*p**2 + 2. Let f be z(-2). Calculate the greatest common factor of f and 17.
17
Let s(r) = 13*r + 2. Let o(y) = -27*y - 5. Let l(w) = -2*o(w) - 5*s(w). Let u be l(-8). What is the greatest common divisor of u and 22?
22
Suppose 0 = -2*y + 129 + 67. Calculate the highest common divisor of 14 and y.
14
Let x(l) = 1 + 2*l + 3*l - 2*l. Let p be x(4). Calculate the greatest common factor of 104 and p.
13
Suppose 15*n = 2*r + 10*n - 28, 56 = 4*r - n. What is the greatest common divisor of 112 and r?
14
Let r be ((-1)/2)/(1/(-2)). Let g be 3/(-3) - -5 - r. Suppose 0*x + g*x - 99 = 0. Calculate the highest common factor of 22 and x.
11
Suppose 0 = 4*l - 3*p + 15, -5 = -4*l + 3*l - p. Let i(d) = -2*d + 3*d + 17 + 3. Let g be i(l). What is the greatest commo